 l a composite number?
True
Let c(x) = 23*x**2 - 3*x + 14. Let j be c(-9). Suppose -11*r + 10*r - i = -j, r - 4*i - 1889 = 0. Is r composite?
False
Let k = 347905 + -192296. Is k a composite number?
False
Let i(u) = -2*u**2 + 19*u + 13. Let o be i(10). Suppose -c + 2380 = o*c. Suppose -a = c - 3758. Is a a prime number?
True
Suppose -2*d - 4*w + 5470 = 0, 3*d - 4808 = -2*w + 3405. Suppose 3*u = -15, 5*f - 3*u - 72266 = d. Is f a prime number?
False
Suppose -5*f = 7*f - 116771 - 6433. Is f prime?
True
Let f be 2/(-9) + (-1176)/(-189). Suppose 0 = -f*s - 5*s + 5357. Is s a composite number?
False
Suppose 4*s = -109*o + 114*o - 849081, 0 = -5*s + 5. Is o prime?
True
Suppose -24*n + 18 + 54 = 0. Suppose -4*g + 3*x = -3000, 6*g - n*x - 1494 = 4*g. Is g prime?
False
Let l(y) = -5*y**2 - y**3 + 11 + 86*y - 92*y - 8 - 6*y**3. Let s be (-3)/(2/(16/6)). Is l(s) a prime number?
False
Suppose j - y + 5 = -5*y, 3*j - 11 = y. Suppose 0 = j*v + i - 13, -3*i - i - 8 = 0. Is 1344/(v - 1) - -3 composite?
True
Suppose 0*c - 90 = -5*c. Let b be (-2)/6 - 41934/c. Let f = b + 3585. Is f a prime number?
False
Suppose 2*a - 14*y + 17*y = 0, -5*a = -4*y. Suppose a = -7*g + 5170 + 10097. Is g a prime number?
False
Let g(q) be the second derivative of 37*q**5/20 - q**4/12 + q**3/2 + 7*q**2/2 + 20*q. Let z be g(6). Let h = z + -4826. Is h prime?
False
Let m(w) = 2*w + 25. Let k be m(-11). Suppose -k = -n, -4*b - n + 9003 = 4*n. Suppose 3*p - 3420 = -3*g, 3*g + 5*p - 5677 + b = 0. Is g prime?
False
Suppose l - 2 - 5 = -2*f, 0 = 2*l - f + 1. Suppose 0 = -a + l + 1. Is (-1)/(a/1858*-1) a prime number?
True
Is 10329070/23*(-6)/(-10) + (16 - 9) prime?
True
Suppose 80 + 80 = 8*f. Suppose -8*l + 4 + f = 0. Suppose 2*t = 3*g + 3060, l*t = -t - g + 6106. Is t a composite number?
True
Suppose -11*o + 5352943 = -732983. Suppose 4*h = -14*h + o. Is h a prime number?
False
Suppose 0 = 3*q + 15, 3*q - 4*q = 5*p - 63175. Suppose -16858 = -4*a - 2*g, -8*a + p = -5*a - g. Is a a prime number?
False
Let k = 171266 + -65665. Is k composite?
False
Let s be 0 + 5 + 0/2. Suppose 107 = 13*g + 40 + 2. Suppose 3*h = 4*b - 1082 + 3115, g*h + s*b = 3400. Is h a prime number?
False
Let x be (-2)/(-6) - (-319)/87. Suppose -7*u + 43797 = -x*u. Is u prime?
False
Let r(s) = -11*s**2 - 14*s + 6. Let c(j) be the third derivative of -7*j**5/20 - 7*j**4/6 + 2*j**3 - 5*j**2. Let f(d) = 2*c(d) - 5*r(d). Is f(-7) prime?
False
Let b(o) = -4*o - 13. Let s(v) = 2*v + 1. Suppose -4*g - g = 20. Let c be s(g). Is b(c) a prime number?
False
Let p be 252795/6 + (-5)/(-10). Suppose 0 = 4*m + 3*q - 8*q - 84221, -2*m + p = 5*q. Is m prime?
True
Let w = -16630 + 24489. Let r = -4316 + w. Is r composite?
True
Suppose 5*u + h = 15723, 2*u - 3*h + 6284 = 4*u. Suppose -6265 - u = -10*x. Is x a composite number?
False
Suppose -344*m = -357*m + 603562 + 1248951. Is m a prime number?
True
Suppose -6*b - 311621 + 458712 + 491831 = 0. Is b prime?
True
Suppose -4 = p - 6. Suppose -4*d + 41 + 161 = 2*a, 0 = -p*a + 2. Suppose -d = v - 5*r - 358, 2*r + 885 = 3*v. Is v a composite number?
False
Let r(f) = -22*f - 4. Let j be r(-1). Is 1011/j*32 - 4/12 composite?
True
Let k(v) = -702*v**2 - 70*v - 182. Let g be k(-53). Is 3*(g/27)/(-10) prime?
True
Let g(s) = -s - 5. Let c be g(-4). Let z be 74*-3*3/c. Let t = z + -179. Is t composite?
False
Suppose 76*c = 69*c + 210343. Is (c + (-4 - -2))*(-5)/(-5) composite?
False
Let t = 48909 + 67502. Is t prime?
True
Let y(l) = 11*l**2 + 16*l + 36. Let o be y(20). Suppose 12*i - 13*i = -o. Let m = i + -2319. Is m prime?
True
Let g(m) be the second derivative of 29*m**3/6 - 9*m**2 + 16*m. Let c be g(8). Suppose -4386 + c = -4*a - 3*o, -4*a + 5*o + 4172 = 0. Is a a prime number?
False
Let m = 93287 + -63468. Is m composite?
False
Let n(s) = -2*s**2 + 41*s - 24. Let d be n(18). Is 4 - (d + 1)/((-23)/1035) composite?
False
Suppose -2*m - 3*p - 10 = 0, 8 = m - 4*m - p. Is (-3)/(-6)*m*-1541 a prime number?
False
Let y be 1*-4*(-1088637)/132. Suppose 5*v - y = -6*v. Is v prime?
True
Let l be (1 - -5)*(-1716)/(-18). Suppose 3*f = -b + l, -f + 9 = 2*b - 180. Is f a composite number?
False
Suppose -4*j - 20*s = -7703672, -s + 1636598 + 289308 = j. Is j prime?
False
Let z(j) = 16*j - 43. Let l(s) = -s**3 - 5*s**2 + 12*s + 3. Let y be l(-6). Let h = y - -54. Is z(h) a composite number?
False
Is ((4347/81)/23)/(14/3332094) composite?
False
Suppose o - 6*o - 4*l = -4850, 0 = -5*o - 5*l + 4845. Is o*(-12)/20*260/(-24) composite?
True
Suppose -z + 5*r + 55 = 0, -5*r + 7 = 32. Is (-109002)/(-4)*z/45 composite?
True
Let j(t) = 11*t - 6. Let d be j(1). Suppose d*u = b - 2908, 2*b + 3*u - 3411 = 2444. Is b prime?
False
Suppose -8534 + 71688 = 14*z. Is z a composite number?
True
Is (-9 + 74)/(-5) + 99884 a composite number?
False
Let o(h) = 102*h - 92. Let l(w) = -2*w - 1. Let q(y) = 5*l(y) - o(y). Is q(-13) a composite number?
False
Let g = 783556 - 410903. Is g a composite number?
False
Suppose 0 = -3*r - 4*w + 12, -2*w + 9 = -2*r + 3. Let o = r + 40. Is ((-30220)/o)/(2/(-4)) composite?
False
Suppose 23*s = -s + 12720. Let d be (-28)/(-6) + 3/9. Suppose -d*a + s = -3*a. Is a a prime number?
False
Suppose -4*a - 4*d - 4604 = 0, -10*a - 4*d = -8*a + 2308. Let r = 9369 - a. Is r prime?
False
Let l(v) = 10*v + 13. Let a be l(-1). Is (-8496)/(-16) - 4/6*a a prime number?
False
Suppose -a = 5*u + 636, -5*u - 2369 + 491 = 3*a. Let k = a - 192. Let x = 1370 + k. Is x composite?
False
Suppose 3323542 = 37*h - 2634013. Is h a prime number?
False
Let t = 97647 - 56450. Is t prime?
False
Suppose -68042 = -14*o + 1013612. Is o a composite number?
False
Let b(k) = -93400*k + 3547. Is b(-4) composite?
False
Suppose 291043 + 82098438 = 281*g. Is g prime?
True
Suppose -2*m = 2*m - 20. Suppose -m*x - 3 = -23. Suppose 3*i - 23457 = -x*i. Is i a prime number?
False
Suppose -44610 + 127698 = 12*w - 106404. Is w composite?
False
Suppose 4*b = -4*t, -b = 3*t - 0*b - 4. Let l(i) = 2512*i + 27. Is l(t) a prime number?
True
Suppose -4*p + 20289 = -8491. Suppose -4*t = 3*b - 3576 - 1815, 0 = 4*b + 3*t - p. Is b a prime number?
True
Is (114518/(-6))/(274/(-822)) a composite number?
False
Let h(k) = -15*k + 3502. Let x be h(0). Let v = -661 + x. Is v composite?
True
Let d be (91/14 - 6)/((-1)/(-20)). Suppose -b = 2*p - 14375, 7*b + 4*p + 43135 = d*b. Is b a composite number?
True
Let b(x) = 3*x - 5. Let o be b(4). Let t(s) be the second derivative of s**5/10 + 7*s**4/12 - 4*s**3/3 - 3*s**2 - 137*s. Is t(o) composite?
False
Let z = 101650 - 55649. Is z composite?
True
Suppose -16*f + 568882 = 22*f + 8*f. Is f a composite number?
True
Suppose 4*v - i - 648836 = 0, 547*v = 542*v + i + 811045. Is v prime?
True
Let b(f) = 79*f**2 - 2*f - 9. Let o(m) = 1. Let t be (-20)/(-90) - 14/(-18). Let v(y) = t*b(y) + 5*o(y). Is v(3) a composite number?
False
Let n be 4/6*3*4339. Let k = n + -2871. Is k a prime number?
True
Let w = 123 + -123. Suppose -38*i + 44*i - 222 = w. Is i a composite number?
False
Suppose -2*c + 2*w - 1927 = -5*c, 4*w = -3*c + 1919. Suppose 0*s + 3*x = -s + 121, 5*s - 5*x - c = 0. Is -3*(-4)/12*s a composite number?
False
Suppose -81*n + 3*f = -83*n + 28114, -3*f + 42165 = 3*n. Is n composite?
False
Suppose -3*x - 4*b + 40331 = 0, -6197 + 46533 = 3*x - b. Let q = -7776 + x. Is q composite?
False
Let i(b) = -16332*b - 854. Is i(-3) composite?
True
Suppose 0 = -1002*u + 945*u + 1448672 + 2142613. Is u composite?
True
Let n = 53288 + -14554. Let p = n - -4957. Is p a composite number?
False
Let w(k) = -k**2 + k + 1. Let a(b) = -b - 1. Let r(v) = a(v) - w(v). Let m be r(0). Is m/((-2)/3) - (-29 - 5) a composite number?
False
Let p = -26 + 35. Suppose 10 = -n - t, -4*n - p*t + 4*t - 38 = 0. Is 949/2 - (-18)/n prime?
False
Let n = -149 + 162. Suppose -n*l + l = -25188. Is l a composite number?
False
Suppose 8*q + 18*q - 382471 - 507327 = 0. Is q a prime number?
False
Let p be 11 + -8 - ((-2 - 0) + 632). Let g = 82 - p. Is g composite?
False
Let a(o) = 8*o**2 - 9*o + 3. Let n(f) = -3*f**2 + 5*f - 1. Let x(u) = 4*a(u) + 11*n(u). Let p = -25 - -43. Is x(p) prime?
True
Suppose -3*n = -n + n - 107373. Is n composite?
True
Suppose -11*x - 447856 = -15*x + 5*t, 559815 = 5*x - 5*t. Is x a composite number?
False
Suppose 6*a = 100820 - 32186. Sup